ghest common factor of 3278 and 22.
22
What is the greatest common divisor of 13 and 403?
13
What is the highest common factor of 10045 and 315?
35
Calculate the highest common divisor of 413 and 531.
59
What is the highest common factor of 2430 and 78?
6
What is the highest common factor of 9858 and 744?
186
Calculate the greatest common factor of 350 and 42.
14
What is the highest common divisor of 29730 and 60?
30
What is the greatest common divisor of 19 and 3914?
19
What is the greatest common factor of 30 and 3085?
5
What is the highest common factor of 42 and 546?
42
Calculate the greatest common divisor of 2037 and 485.
97
Calculate the highest common divisor of 336 and 21.
21
What is the highest common factor of 56 and 224?
56
What is the highest common divisor of 728 and 448?
56
Calculate the greatest common divisor of 81 and 513.
27
Calculate the greatest common factor of 12 and 1228.
4
What is the highest common divisor of 6 and 48?
6
Calculate the highest common divisor of 990 and 750.
30
Calculate the highest common factor of 6161 and 61.
61
What is the greatest common factor of 16 and 14?
2
Calculate the highest common divisor of 728 and 1001.
91
What is the highest common factor of 4572 and 6?
6
Calculate the greatest common divisor of 2572 and 4.
4
Calculate the greatest common factor of 2104 and 1841.
263
What is the highest common divisor of 1274 and 26?
26
What is the greatest common factor of 24 and 168?
24
What is the greatest common factor of 15 and 19605?
15
Calculate the highest common factor of 260 and 20.
20
Calculate the greatest common divisor of 999 and 3219.
111
What is the highest common factor of 5046 and 174?
174
Calculate the highest common divisor of 7923 and 57.
57
Calculate the greatest common divisor of 112 and 480.
16
What is the greatest common factor of 237 and 632?
79
What is the greatest common factor of 110 and 20?
10
Calculate the highest common divisor of 72 and 120.
24
Calculate the highest common divisor of 240 and 1095.
15
Calculate the greatest common divisor of 2059 and 497.
71
What is the highest common factor of 10556 and 116?
116
What is the highest common factor of 2673 and 33?
33
Calculate the greatest common factor of 20 and 170.
10
What is the highest common factor of 33 and 2673?
33
What is the highest common factor of 1410 and 1692?
282
Calculate the greatest common divisor of 42 and 518.
14
Calculate the greatest common divisor of 106 and 10017.
53
What is the highest common factor of 256 and 304?
16
Calculate the highest common factor of 28 and 133.
7
Calculate the highest common divisor of 1763 and 86.
43
Calculate the greatest common factor of 114 and 2546.
38
Calculate the greatest common factor of 170 and 782.
34
What is the greatest common factor of 36 and 6228?
36
Calculate the greatest common factor of 567 and 63.
63
What is the greatest common divisor of 24 and 5484?
12
Calculate the greatest common divisor of 30 and 6.
6
What is the highest common divisor of 34 and 1394?
34
What is the greatest common divisor of 12 and 54?
6
What is the greatest common factor of 490 and 420?
70
Calculate the greatest common divisor of 5 and 9.
1
Calculate the greatest common factor of 144 and 4464.
144
What is the highest common divisor of 849 and 6?
3
What is the greatest common divisor of 119 and 28?
7
Calculate the highest common factor of 70 and 320.
10
Calculate the highest common factor of 3553 and 6137.
323
What is the highest common divisor of 110 and 230?
10
What is the highest common factor of 44 and 23804?
44
What is the greatest common factor of 68 and 1938?
34
What is the highest common factor of 42 and 98?
14
Calculate the greatest common factor of 938 and 28.
14
Calculate the greatest common divisor of 12 and 68.
4
What is the greatest common factor of 134 and 737?
67
Calculate the greatest common divisor of 62 and 7750.
62
What is the greatest common factor of 4 and 3420?
4
What is the greatest common factor of 342 and 304?
38
Calculate the highest common divisor of 8 and 2836.
4
Calculate the greatest common factor of 42 and 8498.
14
What is the highest common factor of 236 and 68?
4
What is the highest common factor of 975 and 275?
25
What is the highest common divisor of 16 and 3256?
8
Calculate the highest common factor of 114 and 702.
6
What is the highest common divisor of 49 and 1225?
49
What is the greatest common divisor of 16 and 36?
4
What is the greatest common divisor of 1770 and 30?
30
What is the highest common factor of 1134 and 18?
18
Calculate the greatest common factor of 91 and 325.
13
What is the highest common divisor of 159 and 7261?
53
Calculate the highest common divisor of 145 and 8700.
145
What is the greatest common factor of 4 and 3?
1
What is the highest common divisor of 516 and 24?
12
Calculate the greatest common divisor of 806 and 26.
26
What is the highest common divisor of 88 and 200?
8
What is the highest common divisor of 1134 and 14?
14
Calculate the greatest common factor of 13 and 46007.
13
What is the highest common factor of 507 and 146523?
507
What is the greatest common divisor of 378 and 70?
14
Calculate the highest common factor of 18 and 486.
18
What is the highest common factor of 310 and 10?
10
What is the highest common factor of 2703 and 106?
53
Calculate the highest common divisor of 18522 and 54.
54
What is the greatest common divisor of 25890 and 60?
30
Calculate the highest common factor of 232 and 1798.
58
Calculate the highest common factor of 418 and 38.
38
Calculate the greatest common factor of 286 and 176.
22
What is the greatest common divisor of 4108 and 52?
52
Calculate the greatest common divisor of 6894 and 18.
18
Calculate the greatest common factor of 162 and 270.
54
What is the highest common divisor of 94 and 141?
47
Calculate the highest common factor of 31 and 1519.
31
What is the highest common factor of 276 and 46?
46
What is the highest common factor of 1769 and 87?
29
What is the highest common factor of 6 and 11208?
6
What is the greatest common factor of 568 and 448?
8
Calculate the highest common divisor of 7291 and 1.
1
What is the greatest common divisor of 68 and 1972?
68
What is the greatest common divisor of 1233 and 137?
137
Calculate the greatest common divisor of 3219 and 444.
111
What is the highest common divisor of 3267 and 27?
27
Calculate the highest common factor of 119 and 3598.
7
What is the greatest common divisor of 279 and 651?
93
Calculate the greatest common factor of 23 and 345.
23
Calculate the greatest common divisor of 2409 and 219.
219
What is the highest common divisor of 4 and 37?
1
What is the greatest common factor of 18 and 4986?
18
What is the highest common factor of 136 and 200?
8
What is the greatest common divisor of 604 and 8?
4
What is the greatest common factor of 47 and 329?
47
What is the highest common divisor of 32 and 2808?
8
What is the greatest common factor of 42 and 490?
14
Calculate the highest common factor of 68 and 153.
17
Calculate the highest common factor of 460 and 345.
115
What is the greatest common divisor of 817 and 19?
19
Calculate the highest common factor of 88 and 9064.
88
Calculate the greatest common divisor of 161 and 28.
7
What is the highest common divisor of 20 and 7340?
20
Calculate the highest common divisor of 19836 and 152.
76
What is the greatest common factor of 35 and 84?
7
What is the greatest common factor of 24 and 32?
8
What is the greatest common divisor of 6573 and 63?
21
What is the greatest common divisor of 156 and 429?
39
Calculate the greatest common factor of 1464 and 72.
24
What is the highest common factor of 1691 and 19?
19
Calculate the highest common factor of 26 and 9113.
13
Calculate the highest common divisor of 93 and 2511.
93
Calculate the highest common divisor of 280 and 42.
14
What is the greatest common divisor of 328 and 16?
8
What is the highest common divisor of 103 and 8549?
103
What is the highest common divisor of 14 and 266?
14
Calculate the highest common factor of 39 and 9.
3
Calculate the highest common divisor of 255 and 408.
51
What is the highest common divisor of 2 and 13?
1
What is the greatest common factor of 36 and 228?
12
What is the highest common factor of 63 and 42?
2